divided by 8?
6
Suppose 0 = 4*s - 32 - 4. Calculate the remainder when 25 is divided by s.
7
Let j(p) be the third derivative of p**5/60 - 7*p**4/24 - p**3/2 - 3*p**2. What is the remainder when j(8) is divided by 3?
2
Let j be 70/8 + (-1)/(-4). Suppose 0 = -3*v - j, u + 59 = 6*u - 3*v. Suppose 0 = d - 3*b + u, 2*b + 2*b - 20 = 0. What is the remainder when 8 is divided by d?
3
Suppose -7*f + 3*f = 4*i - 4, 4*f = 2*i + 10. What is the remainder when (18/3)/(1 + 1) is divided by f?
1
Suppose 15*u - 20*u = -285. What is the remainder when u is divided by 30?
27
What is the remainder when 10/6 - (-292)/12 is divided by 7?
5
Calculate the remainder when 15 + (-2 - (0 - 3)) is divided by 10.
6
Let l(j) = -j**2 + 2*j + 36. Let u(b) = b**2 - 4*b**2 - b**3 + 1 - 3*b**3. What is the remainder when u(-2) is divided by l(-4)?
9
Let j be (-3)/(-1) + 1 + 0. What is the remainder when 43 is divided by j*-1*(-44)/8?
21
Suppose 0 = -2*t + i + 22, -21 - 34 = -5*t + 5*i. Calculate the remainder when 16 is divided by t.
5
Suppose 2*z - 5 = 3*f, -4*z - 2*f + 37 = f. Calculate the remainder when (z/(-14))/(1/(-58)) is divided by 6.
5
Let y(a) = -3*a - 8. Let i be y(-6). Let g = 15 - i. What is the remainder when (-58)/(-8) + g/(-20) is divided by 2?
1
Calculate the remainder when 76 is divided by (-4)/6*(-660)/40.
10
Suppose 56 = -6*s + 10*s. Suppose -2*r + 32 = -s. What is the remainder when r is divided by 13?
10
Let n = 33 + 34. What is the remainder when n is divided by 17?
16
Calculate the remainder when (8 + -22)*(-5)/2 is divided by 18.
17
Let q be -2*(-1 - (-1 + -1)). Calculate the remainder when (-2 + 2 - q)*1 is divided by 2.
0
Suppose -3*m - 4*t + 106 = 0, -3*m - 4*t + 166 = 2*m. Suppose 2*d + 19 = 3. Let v = m + d. What is the remainder when 43 is divided by v?
21
Suppose 7*m = 5*m + 8. Suppose -h - r = -0 + 1, 19 = -h + 5*r. What is the remainder when 30 is divided by h/(-6)*m*6?
14
Suppose 0 = 5*u - 10, -4*q - 2*u + 206 = -3*u. Calculate the remainder when q is divided by 11.
8
Suppose -37*r + 41*r = 64. What is the remainder when r is divided by 3?
1
Let h = -218 - -355. Suppose u - 43 = -5*m - 0*u, -u = 2*m - 16. Calculate the remainder when 28 is divided by h/m - (-6)/(-27).
13
Suppose -y + 2*h - 6*h + 7 = 0, 2*y - 54 = 2*h. Suppose -67 + y = -4*i. What is the remainder when 42 is divided by i?
9
Let g(i) = i**2 + 11*i + 6. Let d be g(-11). Suppose 0 = 7*v - d*v - 18. Calculate the remainder when 35 is divided by v.
17
Let s = -11 - -16. Calculate the remainder when 17 is divided by s.
2
Let k(p) = -p**3 - 6*p**2 + 11*p + 9. What is the remainder when k(-8) is divided by 17?
15
Let t(x) be the second derivative of -x**5/10 + x**4/12 + x**3/3 + x**2/2 - 3*x. What is the remainder when 4 is divided by t(-1)?
0
Suppose 258 = -0*k + 3*k. Suppose 0*r - 5*r - p + k = 0, 3*r = 3*p + 48. What is the remainder when (-6)/(-21) + (-444)/(-14) is divided by r?
15
Suppose -3*w + 22 + 5 = 0. Calculate the remainder when 1 - -1*14/1 is divided by w.
6
Let q(t) = 12*t + 4. Let j(n) = -11*n - 5. Let o(g) = -3*j(g) - 4*q(g). Let i(d) = 2*d**2 + 3*d - 1. What is the remainder when i(3) is divided by o(-1)?
12
Suppose -3*x - 5*j - 1 + 30 = 0, 0 = -3*x + 5*j + 79. What is the remainder when 70 is divided by x?
16
Suppose -3*f + i = -12, f - i - 4 = -0. Suppose 0 = -3*l + a + 22, -2*l + f*a - 7 = -a. Calculate the remainder when 78/l - (-2)/6 is divided by 5.
4
Let n = -87 - -180. What is the remainder when n is divided by 32?
29
Calculate the remainder when 14 is divided by (-2)/(-3)*(-11 - -23).
6
Let n(r) = 10*r**2 - 3*r**2 + 1 + 9*r**2 + 2 - 3*r. Calculate the remainder when n(2) is divided by 16.
13
Suppose -3*y + 24 = a - 6, a + 4*y - 35 = 0. What is the remainder when 56 is divided by a?
11
Let j = -92 - -100. What is the remainder when 47 is divided by j?
7
Let y be -2 - (-1 + (1 - 1)). Let o = y - -22. Calculate the remainder when o is divided by 11.
10
Calculate the remainder when ((-459)/5)/(-3) - 4/(-10) is divided by (4/12)/((-1)/(-51)).
14
Suppose 25 = -2*s - 23. Let l(u) = 18*u + 1. Let v be l(2). Let x = s + v. What is the remainder when x is divided by 5?
3
Suppose -115 = -5*m - 5*j, -3*m - 8 = -4*m + 4*j. Suppose 6*h = c + 2*h - 18, 0 = -5*c + h + 185. Calculate the remainder when c is divided by m.
18
Suppose -t = 4 - 118. What is the remainder when t is divided by 29?
27
Let t = 108 - 94. Calculate the remainder when 81 is divided by t.
11
Let u = 13 + 0. What is the remainder when 49 is divided by u?
10
Suppose -3*c + 1 + 11 = 0. Suppose -c*s + 0*s = -24. What is the remainder when 22 is divided by s?
4
Suppose -5*r + 5*x = 180, 4*x + 1 = r + 28. What is the remainder when r/(-12) + (-3)/(-4) is divided by 2?
0
Let y(v) = 3*v**3 - v**2 + 2*v - 2. Suppose -5*x + 11 = -19. Suppose -4*z - d = -7, d = -z + x*d + 7. What is the remainder when y(z) is divided by 8?
6
Let y(r) = r**3 + 3*r**2 + r - 1. Suppose -12 = -4*t - 2*j, -2*t + 2*j - 11 = -5*t. Calculate the remainder when t is divided by y(-2).
0
Suppose 10*x = 6*x + 260. Suppose -x = -6*v + v. What is the remainder when 23 is divided by v?
10
Suppose 2*x = -16 + 76. Calculate the remainder when x is divided by 16.
14
Let w(h) = -h + 14. What is the remainder when w(-8) is divided by 10?
2
Suppose 0 = -2*v - 1 + 3. Calculate the remainder when (50/(-1))/(-2*v) is divided by 13.
12
Let q = 57 - 23. Suppose q + 47 = 4*k - d, 86 = 4*k - 2*d. What is the remainder when k is divided by 10?
9
Suppose 3*z = 5*n - 305, 0 = -4*n - z + 92 + 135. Suppose -4*f + 6 = -n. What is the remainder when 46 is divided by f?
14
What is the remainder when 25 is divided by 11 + 5/(-5) - 1?
7
Let l be (3 - 8/2) + 3. Let q = l + 10. Calculate the remainder when 47 is divided by q.
11
Let g = -5 - -13. Suppose -5*j + 25 = 2*b, 0 = 3*b - j - 2*j - 6. Calculate the remainder when g is divided by b.
3
Suppose -q + 2*k = q, 0 = -5*q + 2*k + 15. Let t = 10 - 8. What is the remainder when q is divided by t?
1
Suppose -3*f - 2*t = -7 - 2, -14 = f - 5*t. What is the remainder when 63*(f + (-4)/6) is divided by 11?
10
What is the remainder when 92/5 + ((-4)/5)/2 is divided by 10?
8
Let h = 8 - 3. Suppose h = 3*d - 13. Calculate the remainder when d is divided by 4.
2
Let p be 6/21 + 2110/14. Let i = p + -102. What is the remainder when i is divided by 17?
15
Let w = 6 - -1. Calculate the remainder when 20 is divided by w.
6
Let o = -55 - -78. Suppose -5*v = 3*p - 109, 62 + 1 = p - 5*v. What is the remainder when p is divided by o?
20
Suppose 3*p = 116 - 26. Calculate the remainder when p is divided by 13.
4
Let z(g) = g + 2. Let w(u) = u**3 - 5*u**2 - 9*u + 5. Let j be w(7). Suppose 3*q - j = 8. Calculate the remainder when q is divided by z(7).
7
Suppose 0*r - 2*r = -6. What is the remainder when (-30)/r*(-34)/4 is divided by 22?
19
Let q(l) = 2 + l**3 - 2 + 2 + l**2. Let j be q(-2). Calculate the remainder when 22 is divided by (2 + 10 - 2) + j.
6
Let p(l) = -l**3 - 2*l**2 - 3*l - 2. Let z = -4 - 3. Let a = -10 - z. Calculate the remainder when 30 is divided by p(a).
14
Let d = 28 - 16. Let b = 35 + 0. What is the remainder when b is divided by d?
11
Suppose -4*q + 6*b = b - 12, -q - b + 3 = 0. Suppose -2 = -2*v + 12. Suppose m - v = -0*m. Calculate the remainder when m is divided by q.
1
Let p = 20 + 3. Suppose -4*g = -2*v + 37 - 9, 4*v + 3*g - p = 0. What is the remainder when 13 is divided by v?
5
Suppose 16*d - 45 = 7*d. What is the remainder when 17 is divided by d?
2
Let t(l) = -l**2 - 18*l + 31. What is the remainder when t(-12) is divided by 36?
31
Suppose 2*v = -2*v + 36. What is the remainder when 9*24/v - -2 is divided by 14?
12
Let f = 13 - 6. Calculate the remainder when 27 is divided by f.
6
Let o(n) = -1 + 1 + 9*n. What is the remainder when o(4) is divided by (9/6 - -5)/((-2)/(-4))?
10
Suppose 0 = -j + 6*j + 175. Let v = -23 - j. Let k(a) = -a**2 + 10*a + 7. What is the remainder when k(8) is divided by v?
11
Let w(o) = o**2 - 3*o - 7. Suppose 9*l - 67 + 58 = 0. What is the remainder when w(5) is divided by l?
0
Let q be 2/11 + (-65)/55. Let r be q - (40 - (2 + -1)). Let n = r - -62. Calculate the remainder when n is divided by 12.
10
Let j = -4 - -107. What is the remainder when j is divided by 26?
25
Let g =